prime factors of 1867010064.
2, 3, 293, 132751
What are the prime factors of 60080344?
2, 29, 258967
What are the prime factors of 846747821?
846747821
List the prime factors of 944727812.
2, 7, 33740279
What are the prime factors of 52829884?
2, 197, 67043
What are the prime factors of 2300999458?
2, 41, 28060969
List the prime factors of 8893569584.
2, 17, 32696947
List the prime factors of 106733480.
2, 5, 7, 17, 1319
What are the prime factors of 170423114?
2, 1553, 54869
List the prime factors of 462702141.
3, 11, 17, 61, 4507
What are the prime factors of 106701705?
3, 5, 11, 43, 557
What are the prime factors of 11519159?
23, 167, 2999
What are the prime factors of 54240072?
2, 3, 23, 97, 1013
List the prime factors of 4146818.
2, 13, 349, 457
What are the prime factors of 128041844?
2, 7, 29, 137, 1151
List the prime factors of 29368451.
7, 4195493
What are the prime factors of 12477582?
2, 3, 13, 53323
What are the prime factors of 106021836?
2, 3, 53, 181, 307
List the prime factors of 1095868878.
2, 3, 13, 29, 269, 1801
List the prime factors of 3066605321.
13, 5869, 40193
What are the prime factors of 543434790?
2, 3, 5, 997, 18169
What are the prime factors of 75096249?
3, 25032083
List the prime factors of 2234566025.
5, 31, 199, 14489
What are the prime factors of 164574082?
2, 41, 2007001
What are the prime factors of 4625420566?
2, 13, 23, 7734817
What are the prime factors of 866863874?
2, 433431937
What are the prime factors of 83597236?
2, 20899309
List the prime factors of 405252858.
2, 3, 271, 249233
What are the prime factors of 2165520763?
7, 19, 16282111
What are the prime factors of 5173019562?
2, 3, 23, 47, 797567
List the prime factors of 74136619.
103, 719773
List the prime factors of 109675122.
2, 3, 18279187
What are the prime factors of 47802681?
3, 5311409
What are the prime factors of 1568607224?
2, 1021, 192043
List the prime factors of 103380164.
2, 31, 833711
What are the prime factors of 117429526?
2, 29, 2024647
List the prime factors of 183805466.
2, 13, 23, 307367
What are the prime factors of 1209695351?
449, 2694199
What are the prime factors of 877628837?
877628837
What are the prime factors of 554809827?
3, 11, 13, 41, 31543
What are the prime factors of 113675071?
113675071
List the prime factors of 441665827.
441665827
List the prime factors of 252411749.
252411749
List the prime factors of 72414334.
2, 29, 619, 2017
List the prime factors of 224836450.
2, 5, 257, 17497
What are the prime factors of 27583325?
5, 7, 11, 23, 89
List the prime factors of 22914545.
5, 4582909
List the prime factors of 9418779.
3, 139, 7529
List the prime factors of 3686653874.
2, 173, 10655069
What are the prime factors of 27225977?
27225977
What are the prime factors of 423768227?
423768227
What are the prime factors of 2287612416?
2, 3, 163, 9137
What are the prime factors of 7026463?
7026463
What are the prime factors of 4314788588?
2, 11, 98063377
List the prime factors of 131892181.
9649, 13669
List the prime factors of 3158109026.
2, 37, 163, 261823
What are the prime factors of 14800434?
2, 3, 11, 67, 3347
List the prime factors of 1132939880.
2, 5, 41, 690817
List the prime factors of 1062408602.
2, 37, 97, 283, 523
List the prime factors of 2016883618.
2, 1008441809
What are the prime factors of 4650270544?
2, 290641909
What are the prime factors of 6792502?
2, 601, 5651
What are the prime factors of 3454822320?
2, 3, 5, 823, 17491
What are the prime factors of 864271461?
3, 288090487
List the prime factors of 1688129726.
2, 844064863
What are the prime factors of 243624387?
3, 79, 149, 6899
What are the prime factors of 2572479571?
13567, 189613
List the prime factors of 175622151.
3, 197, 297161
List the prime factors of 109116988.
2, 27279247
What are the prime factors of 23110685?
5, 13, 355549
What are the prime factors of 105686406?
2, 3, 7, 838781
What are the prime factors of 220151668?
2, 11, 599, 8353
List the prime factors of 699649029.
3, 23, 1126649
List the prime factors of 2930575988.
2, 151, 4851947
What are the prime factors of 64586913?
3, 53, 406207
List the prime factors of 32707200.
2, 3, 5, 3407
What are the prime factors of 185746416?
2, 3, 641, 6037
List the prime factors of 741710309.
31, 23926139
List the prime factors of 232633077.
3, 61, 359, 3541
List the prime factors of 190569653.
283, 673391
List the prime factors of 41949398.
2, 167, 125597
List the prime factors of 1853034155.
5, 7, 41, 1291313
What are the prime factors of 60913955?
5, 241, 50551
List the prime factors of 767525807.
31, 53, 569, 821
What are the prime factors of 266101904?
2, 23, 723103
What are the prime factors of 627141017?
101, 107, 58031
What are the prime factors of 635414586?
2, 3, 587, 180413
List the prime factors of 772896787.
13, 811, 73309
What are the prime factors of 543168097?
227, 2392811
What are the prime factors of 586404326?
2, 293202163
What are the prime factors of 185941900?
2, 5, 71, 26189
List the prime factors of 37281979.
7, 5325997
What are the prime factors of 1000685801?
2819, 354979
List the prime factors of 133728475.
5, 389, 13751
What are the prime factors of 1692431?
13, 211, 617
What are the prime factors of 92976188?
2, 23244047
What are the prime factors of 1825094426?
2, 912547213
List the prime factors of 244790920.
2, 5, 11, 556343
List the prime factors of 752395229.
19009, 39581
List the prime factors of 7821365650.
2, 5, 7, 4643, 4813
What are the prime factors of 1297234716?
2, 3, 457, 236549
List the prime factors of 402376965.
3, 5, 19, 367, 3847
List the prime factors of 91470339.
3, 10163371
List the prime factors of 3003403389.
3, 7, 83, 1063, 1621
What are the prime factors of 1087081?
61, 71, 251
List the prime factors of 505142740.
2, 5, 19, 277, 4799
What are the prime factors of 37312453?
353, 105701
What are the prime factors of 197921905?
5, 17, 43, 54151
What are the prime factors of 6381660291?
3, 41, 257, 201881
What are the prime factors of 2947074395?
5, 29, 61, 67, 4973
List the prime factors of 997529291.
11, 90684481
What are the prime factors of 271787219?
11, 43, 71, 8093
What are the prime factors of 1122039060?
2, 3, 5, 37, 673, 751
What are the prime factors of 8053091?
8053091
What are the prime factors of 2963596258?
2, 7, 3167, 66841
List the prime factors of 63843134.
2, 31921567
What are the prime factors of 3723760586?
2, 7, 13, 37, 197, 401
What are the prime factors of 339274230?
2, 3, 5, 31, 89, 4099
List the prime factors of 495755428.
2, 7, 17, 43, 53, 457
List the prime factors of 1338916563.
3, 5381, 27647
List the prime factors of 1089534774.
2, 3, 43, 4223003
What are the prime factors of 811703657?
811703657
List the prime factors of 5204455.
5, 1040891
What are the prime factors of 65784554?
2, 11, 23, 53, 223
What are the prime factors of 448963760?
2, 5, 7, 569, 1409
What are the prime factors of 159419702?
2, 13, 6131527
What are the prime factors of 467955839?
13, 97, 371099
What are the prime factors of 283286016?
2, 3, 13, 4729
What are the prime factors of 496492905?
3, 5, 17, 29, 67139
List the prime factors of 687719045.
5, 13, 59, 179327
List the prime factors of 1039699933.
499, 1103, 1889
List the prime factors of 2527375618.
2, 17, 74334577
List the prime factors of 19009921.
7, 193, 14071
List the prime factors of 122326242.
2, 3, 47, 433781
List the prime factors of 467628305.
5, 149, 229, 2741
What are the prime factors of 1242915926?
2, 7, 7577, 11717
What are the prime factors of 365469903?
3, 601, 67567
What are the prime factors of 1063080069?
3, 354360023
List the prime factors of 90011128.
2, 29, 383, 1013
What are the prime factors of 283903102?
2, 7, 20278793
List the prime factors of 290385740.
2, 5, 19, 47, 71, 229
List the prime factors of 943170826.
2, 13, 36275801
What are the prime factors of 31013321?
17, 53, 34421
What are the prime factors of 45452273?
45452273
What are the prime factors of 347912735?
5, 17, 1741, 2351
What are the prime factors of 33346735?
5, 41, 47, 3461
List the prime factors of 872034734.
2, 436017367
What are the prime factors of 814271289?
3, 13, 20878751
What are the prime factors of 866229533?
13, 37, 67, 26879
List the prime factors of 4125586623.
3, 59, 2330